{"id":85,"date":"2014-03-24T15:57:07","date_gmt":"2014-03-24T15:57:07","guid":{"rendered":"https:\/\/www.mbi-geodata.com\/fr\/sociodemographic-data\/unemployed\/"},"modified":"2018-02-18T16:41:43","modified_gmt":"2018-02-18T15:41:43","slug":"nombre-de-chomeurs","status":"publish","type":"page","link":"https:\/\/www.mbi-geodata.com\/p6\/donnees-socio-demographiques\/nombre-de-chomeurs\/","title":{"rendered":"NOMBRE DE CHOMEURS"},"content":{"rendered":"<h2 class=\"sociodemographics\">NOMBRE DE CHOMEURS<\/h2>\n<p>Les donn\u00e9es sur le nombre de ch\u00f4meurs fournissent une base d&rsquo;information fondamentale pour votre planification et analyse et sont disponibles au niveau administratif.<\/p>\n<h2 class=\"example\">EXAMPLE DE LA STRUCTURE DES DONNEES<\/h2>\n<p><span style=\"color: #808080\">Nombre de ch\u00f4meurs au niveau administratif pour la R\u00e9publique Tch\u00e8que<\/span><\/p>\n<table style=\"width: 100%\" border=\"0\" cellspacing=\"0\" cellpadding=\"0\">\n<thead>\n<tr>\n<td width=\"138\" height=\"18\"><strong>Admincode<\/strong><\/td>\n<td width=\"253\"><strong>Name<\/strong><\/td>\n<td align=\"right\" width=\"294\"><strong>Unemployed Persons<\/strong><\/td>\n<\/tr>\n<tr>\n<td height=\"18\">&nbsp;<\/td>\n<td>Municipality\/Obce<\/td>\n<td>&nbsp;<\/td>\n<\/tr>\n<\/thead>\n<tbody>\n<tr>\n<td height=\"18\"><span style=\"color: #808080\">532100<\/span><\/td>\n<td><span style=\"color: #808080\">Blevice<\/span><\/td>\n<td align=\"right\"><span style=\"color: #808080\">8<\/span><\/td>\n<\/tr>\n<tr>\n<td height=\"18\"><span style=\"color: #808080\">532169<\/span><\/td>\n<td><span style=\"color: #808080\">Bu\u0161t\u011bhrad<\/span><\/td>\n<td align=\"right\"><span style=\"color: #808080\">62<\/span><\/td>\n<\/tr>\n<tr>\n<td height=\"18\"><span style=\"color: #808080\">532282<\/span><\/td>\n<td><span style=\"color: #808080\">D\u0159etovice<\/span><\/td>\n<td align=\"right\"><span style=\"color: #808080\">14<\/span><\/td>\n<\/tr>\n<tr>\n<td height=\"18\"><span style=\"color: #808080\">532495<\/span><\/td>\n<td><span style=\"color: #808080\">Kole\u010d<\/span><\/td>\n<td align=\"right\"><span style=\"color: #808080\">28<\/span><\/td>\n<\/tr>\n<tr>\n<td height=\"18\"><span style=\"color: #808080\">532681<\/span><\/td>\n<td><span style=\"color: #808080\">Otvovice<\/span><\/td>\n<td align=\"right\"><span style=\"color: #808080\">25<\/span><\/td>\n<\/tr>\n<tr>\n<td height=\"18\"><span style=\"color: #808080\">532827<\/span><\/td>\n<td><span style=\"color: #808080\">Slatina<\/span><\/td>\n<td align=\"right\"><span style=\"color: #808080\">14<\/span><\/td>\n<\/tr>\n<tr>\n<td height=\"18\"><span style=\"color: #808080\">532851<\/span><\/td>\n<td><span style=\"color: #808080\">Stehel\u010deves<\/span><\/td>\n<td align=\"right\"><span style=\"color: #808080\">30<\/span><\/td>\n<\/tr>\n<tr>\n<td height=\"18\"><span style=\"color: #808080\">532975<\/span><\/td>\n<td><span style=\"color: #808080\">T\u0159ebusice<\/span><\/td>\n<td align=\"right\"><span style=\"color: #808080\">13<\/span><\/td>\n<\/tr>\n<tr>\n<td height=\"18\"><span style=\"color: #808080\">533092<\/span><\/td>\n<td><span style=\"color: #808080\">Z\u00e1kolany<\/span><\/td>\n<td align=\"right\"><span style=\"color: #808080\">19<\/span><\/td>\n<\/tr>\n<tr>\n<td height=\"18\"><span style=\"color: #808080\">534951<\/span><\/td>\n<td><span style=\"color: #808080\">Kralupy nad Vltavou<\/span><\/td>\n<td align=\"right\"><span style=\"color: #808080\">385<\/span><\/td>\n<\/tr>\n<tr>\n<td height=\"18\"><span style=\"color: #808080\">\u2026<\/span><\/td>\n<td><span style=\"color: #808080\">&nbsp;<\/span><\/td>\n<td><span style=\"color: #808080\">&nbsp;<\/span><\/td>\n<\/tr>\n<tr>\n<td height=\"18\"><span style=\"color: #808080\">Czech Republic<\/span><\/td>\n<td><span style=\"color: #808080\">&nbsp;<\/span><\/td>\n<td align=\"right\"><span style=\"color: #808080\">352.200<\/span><\/td>\n<\/tr>\n<\/tbody>\n<\/table>\n<h2 class=\"area-boundaries\">DONNEES DISPONIBLES AU NIVEAU ADMINISTRATIF<\/h2>\n<p><a href=\"https:\/\/www.mbi-geodata.com\/fr\/donnees-cartographiques-donnees-vectorielles\/limites-administratives\/\">LIMITES ADMINISTRATIVES<br \/>\n<\/a>Des contours g\u00e9ographiques administratifs. En France, par exemple, un fond de carte des communes contenant aussi les d\u00e9limitations des d\u00e9partments et des r\u00e9gions.<\/p>\n<h2 class=\"formats\">FORMATS STANDARD DONNEES<\/h2>\n<ul>\n<li>Tab delimited file (TXT)<\/li>\n<li>KML<\/li>\n<li>Access database (MDB)<\/li>\n<li>Excel (xls)<\/li>\n<\/ul>\n<h2 class=\"formats\">FORMATS STANDARD CONTOURS CARTOGRAPHIQUES VECTORIELS<\/h2>\n<p>Pour une utilisation dans un SIG (syst\u00e8me d&rsquo;information g\u00e9ographique), nous pouvons vous fournir les limites cartographiques appropri\u00e9es dans tous les formats standards par exemple<\/p>\n<ul>\n<li>Esri Shape file (.shp)<\/li>\n<li>Esri Geodatabase (.gdb)<\/li>\n<li>MapInfo (.tab)<\/li>\n<li>MapInfo MIF\/MID&nbsp;&nbsp;<\/li>\n<\/ul>\n<p>C&rsquo;est avec plaisir que nous vous ferons parvenir une offre personnalis\u00e9e. Nous serons \u00e9galement heureux de vous informer quant \u00e0 la disponibilit\u00e9 des donn\u00e9es dans les pays de votre choix.<\/p>\n<hr>\n<p>Dans la s\u00e9lection suivante, vous recevez un aper\u00e7u de l\u2019\u00e9ventail des donn\u00e9es dans les diff\u00e9rents pays. Nos donn\u00e9es de test sont disponibles pour la plupart des pays europ\u00e9ens. Il s&rsquo;agit l\u00e0 d&rsquo;un extrait de notre gamme de donn\u00e9es. N&rsquo;h\u00e9sitez pas \u00e0 nous contacter si vous avez des questions ou si les donn\u00e9es que vous recherchez ne sont pas incluses &#8211; nous serons ravis de vous aider !<\/p>\n<div class=\"menu-world-areas-container\"><ul id=\"short_menu_69eb21882654c\" class=\"shortcode_menu worldareas  \"><li id=\"menu-item-3559\" class=\"menu-item menu-item-type-post_type menu-item-object-page menu-item-3559\"><a href=\"https:\/\/www.mbi-geodata.com\/p6\/fournisseur-de-donnees-geographiques-socio-economiques-internationales\/europe-occidentale\/\">Europe occidentale<\/a><\/li>\n<li id=\"menu-item-3558\" class=\"menu-item menu-item-type-post_type menu-item-object-page menu-item-3558\"><a href=\"https:\/\/www.mbi-geodata.com\/p6\/fournisseur-de-donnees-geographiques-socio-economiques-internationales\/europe-orientale\/\">Europe orientale<\/a><\/li>\n<li id=\"menu-item-3561\" class=\"menu-item menu-item-type-post_type menu-item-object-page menu-item-3561\"><a href=\"https:\/\/www.mbi-geodata.com\/p6\/fournisseur-de-donnees-geographiques-socio-economiques-internationales\/amerique-du-nord\/\">Am\u00e9rique du nord<\/a><\/li>\n<li id=\"menu-item-3560\" class=\"menu-item menu-item-type-post_type menu-item-object-page menu-item-3560\"><a href=\"https:\/\/www.mbi-geodata.com\/p6\/fournisseur-de-donnees-geographiques-socio-economiques-internationales\/amerique-du-sud\/\">Am\u00e9rique du sud<\/a><\/li>\n<li id=\"menu-item-3562\" class=\"menu-item menu-item-type-post_type menu-item-object-page menu-item-3562\"><a href=\"https:\/\/www.mbi-geodata.com\/p6\/fournisseur-de-donnees-geographiques-socio-economiques-internationales\/asie\/\">Asie<\/a><\/li>\n<li id=\"menu-item-3564\" class=\"menu-item menu-item-type-post_type menu-item-object-page menu-item-3564\"><a href=\"https:\/\/www.mbi-geodata.com\/p6\/fournisseur-de-donnees-geographiques-socio-economiques-internationales\/oceanie\/\">Oc\u00e9anie<\/a><\/li>\n<li id=\"menu-item-3563\" class=\"menu-item menu-item-type-post_type menu-item-object-page menu-item-3563\"><a href=\"https:\/\/www.mbi-geodata.com\/p6\/fournisseur-de-donnees-geographiques-socio-economiques-internationales\/afrique\/\">Afrique<\/a><\/li>\n<\/ul><\/div><div class=\"clear\"><\/div>\n\t\t\t<style>\n\t\t\t\t#short_menu_69eb21882654c {  }\n\t\t\t\t#short_menu_69eb21882654c ul.wpsm-arrow-enabled:before {  } \n\t\t\t\t#short_menu_69eb21882654c ul, #short_menu_69eb21882654c ul ul {  }\n\t\t\t\t#short_menu_69eb21882654c a {  }\n\t\t\t\t#short_menu_69eb21882654c a:hover {  }\n\t\t\t\t#short_menu_69eb21882654c ul a {  }\n\t\t\t\t#short_menu_69eb21882654c ul a:hover {  }\n\t\t\t\t\n\t\t\t<\/style>\n\t\t\t<script type=\"text\/javascript\">\n\t\t\t\tvar show_arrow = \"true\";var $sm = jQuery.noConflict();\n\t\t\t\t\tjQuery(function ($) {\n\t\t\t\t\t\t$(\"#short_menu_69eb21882654c\").tinyNav();\n\t\t\t\t\t\t$(\"#short_menu_69eb21882654c\").next().addClass(\"shortcode-menu-mobile\");\n\t\t\t\t\t\t\n\t\t\t\t\t\tshortcode_menu_responsive();\n\t\t\t\t\t});\n\t\t\t\t\tjQuery(window).resize(function($){\n\t\t\t\t\t\tshortcode_menu_responsive();\n\t\t\t\t\t});\n\t\t\t\t\tfunction shortcode_menu_responsive()\n\t\t\t\t\t{\n\t\t\t\t\t\tvar window_width = $sm(window).width();\n\t\t\t\t\t\tif(window_width <= 650)\n\t\t\t\t\t\t{\n\t\t\t\t\t\t\t$sm(\"#short_menu_69eb21882654c\").hide();\n\t\t\t\t\t\t\t$sm(\"#short_menu_69eb21882654c\").next().show();\n\t\t\t\t\t\t}\n\t\t\t\t\t\telse\n\t\t\t\t\t\t{\n\t\t\t\t\t\t\t$sm(\"#short_menu_69eb21882654c\").show();\n\t\t\t\t\t\t\t$sm(\"#short_menu_69eb21882654c\").next().hide();\n\t\t\t\t\t\t}\n\t\t\t\t\t}<\/script>\n<p>&nbsp;<\/p>\n","protected":false},"excerpt":{"rendered":"<p>NOMBRE DE CHOMEURS Les donn\u00e9es sur le nombre de ch\u00f4meurs fournissent une base d&rsquo;information fondamentale pour votre planification et analyse et sont disponibles au niveau administratif. EXAMPLE DE LA STRUCTURE DES DONNEES Nombre de ch\u00f4meurs au niveau administratif pour la R\u00e9publique Tch\u00e8que Admincode Name Unemployed Persons &nbsp; Municipality\/Obce &nbsp; 532100 Blevice 8 532169 Bu\u0161t\u011bhrad 62 [&hellip;]<\/p>\n","protected":false},"author":5,"featured_media":0,"parent":3501,"menu_order":2,"comment_status":"open","ping_status":"open","template":"","meta":{"_acf_changed":false,"ngg_post_thumbnail":0,"footnotes":""},"class_list":["post-85","page","type-page","status-publish","hentry"],"acf":[],"_links":{"self":[{"href":"https:\/\/www.mbi-geodata.com\/p6\/wp-json\/wp\/v2\/pages\/85","targetHints":{"allow":["GET"]}}],"collection":[{"href":"https:\/\/www.mbi-geodata.com\/p6\/wp-json\/wp\/v2\/pages"}],"about":[{"href":"https:\/\/www.mbi-geodata.com\/p6\/wp-json\/wp\/v2\/types\/page"}],"author":[{"embeddable":true,"href":"https:\/\/www.mbi-geodata.com\/p6\/wp-json\/wp\/v2\/users\/5"}],"replies":[{"embeddable":true,"href":"https:\/\/www.mbi-geodata.com\/p6\/wp-json\/wp\/v2\/comments?post=85"}],"version-history":[{"count":1,"href":"https:\/\/www.mbi-geodata.com\/p6\/wp-json\/wp\/v2\/pages\/85\/revisions"}],"predecessor-version":[{"id":3576,"href":"https:\/\/www.mbi-geodata.com\/p6\/wp-json\/wp\/v2\/pages\/85\/revisions\/3576"}],"up":[{"embeddable":true,"href":"https:\/\/www.mbi-geodata.com\/p6\/wp-json\/wp\/v2\/pages\/3501"}],"wp:attachment":[{"href":"https:\/\/www.mbi-geodata.com\/p6\/wp-json\/wp\/v2\/media?parent=85"}],"curies":[{"name":"wp","href":"https:\/\/api.w.org\/{rel}","templated":true}]}}