{"id":38,"date":"2014-03-11T13:42:25","date_gmt":"2014-03-11T12:42:25","guid":{"rendered":"https:\/\/www.mbi-geodata.com\/de\/kaufkraft\/kaufkraft-in-produktgruppen\/"},"modified":"2014-03-11T13:42:25","modified_gmt":"2014-03-11T12:42:25","slug":"kaufkraft-in-produktgruppen","status":"publish","type":"page","link":"https:\/\/www.mbi-geodata.com\/p2\/kaufkraft\/kaufkraft-in-produktgruppen\/","title":{"rendered":"KAUFKRAFT IN PRODUKTGRUPPEN"},"content":{"rendered":"<p>[smartslider3 slider=24]<\/p>\n<h2 class=\"purchasing-power\">WAS BEDEUTET KAUFKRAFT IN PRODUKTGRUPPEN?<\/h2>\n<p>Die Kaufkraft in Produktgruppen quantifiziert das Ausgabevolumen der Verbraucher in 20 Kategorien. Die Daten liegen f\u00fcr einzelne Sortimente und Dienstleistungen auf feinr\u00e4umiger&nbsp;administrativer oder postalischer Ebene vor und sind f\u00fcr zahlreiche L\u00e4nder verf\u00fcgbar.<\/p>\n<h2 class=\"use-cases\">VIELSEITIGE ANWENDUNGSM\u00d6GLICHKEITEN DER KAUFKRAFTKENNZIFFERN F\u00dcR EINZELNE PRODUKTGRUPPEN<\/h2>\n<p>Kaufkraftkennziffern sind in der regionalen Absatzplanung der am h\u00e4ufigsten eingesetzte Indikator f\u00fcr das Konsumpotenzial in einem Gebiet. Die Kaufkraft f\u00fcr einzelne Produktgruppen, z.B. f\u00fcr die Produktgruppe &#8222;Schuhe&#8220;, spiegelt die Nachfrage der privaten Haushalte einer Region f\u00fcr diese Produkgruppe wider. Mit Hilfe von Kaufkraftdaten f\u00fcr einzelne Produktgruppen lassen sich f\u00fcr Vertriebsorganisationen oder Filialnetze regionale Absatzchancen quantifizieren, Gebiete nach St\u00e4rken und Schw\u00e4chen bewerten, unausgesch\u00f6pfte Potenziale lokalisieren, Marketing-Aktivit\u00e4ten lokal fokussieren und realistische Planziele formulieren.<\/p>\n<p><strong>Produktgruppen \/ Kategorien:<\/strong><\/p>\n<ul class=\"twocollist\">\n<li>Nahrungsmittel und alkoholfreie Getr\u00e4nke<\/li>\n<li>Alkoholische Getr\u00e4nke<\/li>\n<li>Tabakwaren<\/li>\n<li>Fashion<\/li>\n<li>Schuhe<\/li>\n<li>M\u00f6bel, Einrichtungsgegenst\u00e4nde, Bodenbel\u00e4ge<\/li>\n<li>Heimtextilien<\/li>\n<li>Elektrogro\u00df- und -kleinger\u00e4te<\/li>\n<li>Hausrat, Glas, Porzellan<\/li>\n<li>Werkzeuge und Ger\u00e4te f\u00fcr Haus und Garten<\/li>\n<li>Haushaltsf\u00fchrung, Wasch-, Putz-, Reinigungsmittel<\/li>\n<li>Medizinische Produkte und Ger\u00e4te<\/li>\n<li>Braune Ware, Foto und IT (Hard- und Software)<\/li>\n<li>Gebrauchsg\u00fcter f\u00fcr Freizeit und Kultur<\/li>\n<li>Spielwaren, Hobbywaren, Sport, Garten, Haustiere<\/li>\n<li>Ausgaben f\u00fcr Freizeit und Kulturdienstleistungen<\/li>\n<li>Zeitungen, B\u00fccher und Schreibwaren<\/li>\n<li>Essen und Trinken au\u00dfer Haus<\/li>\n<li>K\u00f6rperpflege<\/li>\n<li>Uhren, Schmuck, Lederwaren, und andere Waren und Dienstleistungen<\/li>\n<\/ul>\n<p>Zus\u00e4tzliche Unterteilungen oder eine engere Eingrenzung der Produktgruppen k\u00f6nnen berechnet werden.<\/p>\n<p><strong><span style=\"color: #993300\"><a style=\"color: #993300\" href=\"https:\/\/www.mbi-geodata.com\/de\/kaufkraft\/kaufkraft-in-produktgruppen\/kaufkraft-in-produktgruppen-europaweit\/\">VERF\u00dcGBARE L\u00c4NDER<\/a><\/span><\/strong><\/p>\n<h2 class=\"advantages\">VORTEILE DER KAUFKRAFT IN PRODUKTGRUPPEN VON MBI<\/h2>\n<ul>\n<li>Weltweit einheitlich und vergleichbar<\/li>\n<li>unsere Daten&nbsp;werden einer strengen Qualit\u00e4tskontrolle unterzogen und mittels umfangreicher Eigenrecherchen stetig aktualisiert<\/li>\n<li>die Kaufkraft in Produktgruppen erm\u00f6glicht es Unternehmen ihre regionalen M\u00e4rkte mit Pr\u00e4zision und Genauigkeit&nbsp;zu betrachten und zu analysieren<\/li>\n<li>die Kaufkraft in Produktgruppen kann geographisch visualisiert werden &#8211; zusammen mit unseren Postleitzahlgrenzen, administrativen Grenzen oder mikrogeographischen Grenzen erm\u00f6glicht sie eine noch effektivere und effizientere Entscheidungsfindung.&nbsp;<\/li>\n<\/ul>\n<h2 class=\"use-cases\">VIELSEITIGE ANWENDUNGSM\u00d6GLICHKEITEN DER KAUFKRAFT IN PRODUKTGRUPPEN<\/h2>\n<p>Unsere Kennziffern unterst\u00fctzen Sie bei:<\/p>\n<div>\n<ul>\n<li>Ihren Regionalanalysen als valide Datengrundlagen<\/li>\n<li>der schnellen Identifikation wirtschaftlich lohnender Absatzm\u00e4rkte mithilfe der Darstellung sowohl von Wertangaben als auch von Indizes<\/li>\n<li>der professionellen Planung neuer Standorte anhand ihrer Erfolgsaussichten<\/li>\n<li>dem fairen Vergleich des Potenzials von Au\u00dfendienstgebieten und der objektiven Bewertung von Verkaufsleistungen<\/li>\n<li>der Neueinteilung von Au\u00dfendienstgebieten anhand ihrer Absatzchancen<\/li>\n<\/ul>\n<p>Mit Hilfe der Einzelhandelsrelevanten Kaufkraft lassen sich f\u00fcr&nbsp;Unternehmen aller Branchen<\/p>\n<ul class=\"twocollist\">\n<li>Regionale Absatzchancen und Marktpotentiale quantifizieren<\/li>\n<li>Gebiete nach St\u00e4rken und Schw\u00e4chen bewerten<\/li>\n<li>Unausgesch\u00f6pfte Potenziale lokalisieren<\/li>\n<li>Realistische Planziele formulieren<\/li>\n<li>Marketing-Aktivit\u00e4ten lokal fokussieren&nbsp;<\/li>\n<li>Markt- und Vertriebsgebiete optimieren<\/li>\n<li>Marketing-Kampagnen r\u00e4umlich visualisieren<\/li>\n<li>Expansionsstrategien entwickeln<\/li>\n<\/ul>\n<h2 class=\"product-flyer\">PRODUKT-FLYER KAUFKRAFT IN PRODUKTGRUPPEN VON MB-INTERNATIONAL<\/h2>\n<div>\n<p><a href=\"https:\/\/www.mbi-geodata.com\/de\/wp-content\/uploads\/sites\/2\/2017\/05\/MBI_Consumer_Spending.pdf\">MBI CONSUMER SPENDING<\/a><\/p>\n<\/div>\n<h2 class=\"area-boundaries\">AUF WELCHEN GEBIETSEBENEN STEHEN DIE DATEN ZUR VERF\u00dcGUNG?<\/h2>\n<ul>\n<li><a href=\"https:\/\/www.mbi-geodata.com\/de\/gebietsgrenzen\/postleitzahlgrenzen-vektordaten\/\">POSTLEITZAHLEBENE<br \/>\n<\/a>Weltweite Postleitzahlenkarte mit einer r\u00e4umlichen Verteilung von Postleitzahlen. Die einzelnen Postleitzahlen werden als Postleitzahlgebiet dargestellt<\/li>\n<li><a title=\"Administrativ\" href=\"https:\/\/www.mbi-geodata.com\/de\/gebietsgrenzen\/administrativ\/\">ADMINISTRATIVE EBENE<br \/>\n<\/a>Gemeindegrenzen plus die \u00fcbergeordneten Grenzen wie Kreisgrenzen, Regierungsbezirke und L\u00e4ndergrenzen<\/li>\n<li><a href=\"https:\/\/www.mbi-geodata.com\/de\/gebietsgrenzen\/mikro\/\">MIKROGEOGRAPHISCHE EBENE<br \/>\n<\/a>Unterteilt in der Regel eine administrative oder postalische Gebietsebene weiter<\/li>\n<\/ul>\n<h2 class=\"formats\">STANDARD DATEN-FORMATE<\/h2>\n<ul>\n<li>Tab delimited file (TXT)<\/li>\n<li>KML<\/li>\n<li>Access database (MDB)<\/li>\n<li>Excel (xls)<\/li>\n<\/ul>\n<h2 class=\"formats\">STANDARD GIS-FORMATE F\u00dcR UNSERE GEBIETSGRENZEN (VEKTORDATEN)<\/h2>\n<p>Zur Verwendung in einem GIS (Geographisches Informationssystem) k\u00f6nnen wir Ihnen passende digitale&nbsp;<a title=\"Gebietsgrenzen\" href=\"https:\/\/www.mbi-geodata.com\/de\/gebietsgrenzen\/\">GEBIETSGRENZEN<\/a>&nbsp;in folgenden Formaten liefern:<\/p>\n<ul>\n<li>Esri Shape file (.shp)<\/li>\n<li>Esri Geodatabase (.gdb)<\/li>\n<li>MapInfo (.tab)<\/li>\n<li>MapInfo MIF\/MID<\/li>\n<\/ul>\n<p>Auf&nbsp;<a title=\"Kontakt\" href=\"https:\/\/www.mbi-geodata.com\/de\/kontakt\/\">ANFRAGE<\/a>&nbsp;erstellen wir Ihnen gerne ein individuelles und unverbindliches Angebot. Gerne beraten wir Sie auch \u00fcber die Datenverf\u00fcgbarkeit in den einzelnen L\u00e4ndern.<\/p>\n<\/div>\n","protected":false},"excerpt":{"rendered":"<p>[smartslider3 slider=24] WAS BEDEUTET KAUFKRAFT IN PRODUKTGRUPPEN? Die Kaufkraft in Produktgruppen quantifiziert das Ausgabevolumen der Verbraucher in 20 Kategorien. Die Daten liegen f\u00fcr einzelne Sortimente und Dienstleistungen auf feinr\u00e4umiger&nbsp;administrativer oder postalischer Ebene vor und sind f\u00fcr zahlreiche L\u00e4nder verf\u00fcgbar. VIELSEITIGE ANWENDUNGSM\u00d6GLICHKEITEN DER KAUFKRAFTKENNZIFFERN F\u00dcR EINZELNE PRODUKTGRUPPEN Kaufkraftkennziffern sind in der regionalen Absatzplanung der am h\u00e4ufigsten [&hellip;]<\/p>\n","protected":false},"author":5,"featured_media":0,"parent":6096,"menu_order":0,"comment_status":"closed","ping_status":"open","template":"","meta":{"_acf_changed":false,"ngg_post_thumbnail":0,"footnotes":""},"class_list":["post-38","page","type-page","status-publish","hentry"],"acf":[],"_links":{"self":[{"href":"https:\/\/www.mbi-geodata.com\/p2\/wp-json\/wp\/v2\/pages\/38","targetHints":{"allow":["GET"]}}],"collection":[{"href":"https:\/\/www.mbi-geodata.com\/p2\/wp-json\/wp\/v2\/pages"}],"about":[{"href":"https:\/\/www.mbi-geodata.com\/p2\/wp-json\/wp\/v2\/types\/page"}],"author":[{"embeddable":true,"href":"https:\/\/www.mbi-geodata.com\/p2\/wp-json\/wp\/v2\/users\/5"}],"replies":[{"embeddable":true,"href":"https:\/\/www.mbi-geodata.com\/p2\/wp-json\/wp\/v2\/comments?post=38"}],"version-history":[{"count":0,"href":"https:\/\/www.mbi-geodata.com\/p2\/wp-json\/wp\/v2\/pages\/38\/revisions"}],"up":[{"embeddable":true,"href":"https:\/\/www.mbi-geodata.com\/p2\/wp-json\/wp\/v2\/pages\/6096"}],"wp:attachment":[{"href":"https:\/\/www.mbi-geodata.com\/p2\/wp-json\/wp\/v2\/media?parent=38"}],"curies":[{"name":"wp","href":"https:\/\/api.w.org\/{rel}","templated":true}]}}