{"id":24,"date":"2014-03-11T13:35:40","date_gmt":"2014-03-11T12:35:40","guid":{"rendered":"https:\/\/www.mbi-geodata.com\/de\/datenangebot\/westeuropa\/"},"modified":"2014-03-11T13:35:40","modified_gmt":"2014-03-11T12:35:40","slug":"westeuropa","status":"publish","type":"page","link":"https:\/\/www.mbi-geodata.com\/p2\/mbi-ihr-lieferant-und-hersteller-von-weltweiten-geodaten\/westeuropa\/","title":{"rendered":"GEODATEN F\u00dcR WESTEUROPA"},"content":{"rendered":"<p><a href=\"https:\/\/www.mbi-geodata.com\/de\/wp-content\/uploads\/sites\/2\/2014\/03\/eu_west.png\"><img loading=\"lazy\" decoding=\"async\" class=\"alignleft size-full wp-image-557\" src=\"https:\/\/www.mbi-geodata.com\/de\/wp-content\/uploads\/sites\/2\/2014\/03\/eu_west.png\" alt=\"\" width=\"150\" height=\"150\" srcset=\"https:\/\/www.mbi-geodata.com\/p2\/wp-content\/uploads\/sites\/7\/2014\/03\/eu_west.png 150w, https:\/\/www.mbi-geodata.com\/p2\/wp-content\/uploads\/sites\/7\/2014\/03\/eu_west-88x88.png 88w, https:\/\/www.mbi-geodata.com\/p2\/wp-content\/uploads\/sites\/7\/2014\/03\/eu_west-125x125.png 125w\" sizes=\"auto, (max-width: 150px) 100vw, 150px\" \/><\/a>Nachfolgend erhalten Sie einen \u00dcberblick \u00fcber unser Angebot an <strong>Markt- und Geodaten f\u00fcr Westeuropa<\/strong>.&nbsp;<br \/>\nWir bieten Ihnen Daten wie Bev\u00f6lkerung, Haushalte, Altersklassen, Arbeitslosenzahl, Geschlecht, Consumer Styles, Kaufkraft, einzelhandelsrelevante Kaufkraft, Kaufkraft f\u00fcr Produktgruppen, Einzelhandelsumsatz, Zentralit\u00e4tskennziffern.<\/p>\n<p>Diese Variablen liegen auf&nbsp; Postleitzahlebene, administrativen Ebenen und oftmals auch auf kleinr\u00e4umigeren Gebietsebenen vor.&nbsp;<\/p>\nFehler: Region EW nicht gefunden\n<h2 class=\"formats\">STANDARD DATEN-FORMATE<\/h2>\n<ul>\n<li>Tab delimited file (TXT)<\/li>\n<li>KML<\/li>\n<li>Access database (MDB)<\/li>\n<li>Excel (xls)<\/li>\n<\/ul>\n<h2 class=\"formats\">STANDARD GIS-FORMATE F\u00dcR UNSERE GEBIETSGRENZEN (VEKTORDATEN)<\/h2>\n<p>Zur Verwendung in einem GIS (Geographisches Informationssystem) k\u00f6nnen wir Ihnen passende digitale&nbsp;<a title=\"Gebietsgrenzen\" href=\"https:\/\/www.mbi-geodata.com\/de\/gebietsgrenzen\/\">GEBIETSGRENZEN<\/a>&nbsp;in folgenden Formaten liefern:<\/p>\n<ul>\n<li>Esri Shape file (.shp)<\/li>\n<li>Esri Geodatabase (.gdb)<\/li>\n<li>MapInfo (.tab)<\/li>\n<li>MapInfo MIF\/MID<\/li>\n<\/ul>\n<p>Auf Wunsch binden wir die Daten dabei gleich in Ihre digitalen Grenzen ein \u2013 Sie k\u00f6nnen die Daten dann ohne Zwischenschritte direkt in Ihr System laden und sofort verwenden.<\/p>\n<p>Bitte&nbsp;<a title=\"Kontakt\" href=\"https:\/\/www.mbi-geodata.com\/de\/kontakt\/\">KONTAKTIEREN<\/a>&nbsp;Sie uns, falls die gesuchten Daten nicht aufgelistet sein sollten. Gerne recherchieren wir f\u00fcr Sie alternative Datenangebote.<\/p>\n","protected":false},"excerpt":{"rendered":"<p>Nachfolgend erhalten Sie einen \u00dcberblick \u00fcber unser Angebot an Markt- und Geodaten f\u00fcr Westeuropa.&nbsp; Wir bieten Ihnen Daten wie Bev\u00f6lkerung, Haushalte, Altersklassen, Arbeitslosenzahl, Geschlecht, Consumer Styles, Kaufkraft, einzelhandelsrelevante Kaufkraft, Kaufkraft f\u00fcr Produktgruppen, Einzelhandelsumsatz, Zentralit\u00e4tskennziffern. Diese Variablen liegen auf&nbsp; Postleitzahlebene, administrativen Ebenen und oftmals auch auf kleinr\u00e4umigeren Gebietsebenen vor.&nbsp; STANDARD DATEN-FORMATE Tab delimited file (TXT) KML [&hellip;]<\/p>\n","protected":false},"author":5,"featured_media":0,"parent":6091,"menu_order":0,"comment_status":"closed","ping_status":"open","template":"","meta":{"_acf_changed":false,"ngg_post_thumbnail":0,"footnotes":""},"class_list":["post-24","page","type-page","status-publish","hentry"],"acf":[],"_links":{"self":[{"href":"https:\/\/www.mbi-geodata.com\/p2\/wp-json\/wp\/v2\/pages\/24","targetHints":{"allow":["GET"]}}],"collection":[{"href":"https:\/\/www.mbi-geodata.com\/p2\/wp-json\/wp\/v2\/pages"}],"about":[{"href":"https:\/\/www.mbi-geodata.com\/p2\/wp-json\/wp\/v2\/types\/page"}],"author":[{"embeddable":true,"href":"https:\/\/www.mbi-geodata.com\/p2\/wp-json\/wp\/v2\/users\/5"}],"replies":[{"embeddable":true,"href":"https:\/\/www.mbi-geodata.com\/p2\/wp-json\/wp\/v2\/comments?post=24"}],"version-history":[{"count":0,"href":"https:\/\/www.mbi-geodata.com\/p2\/wp-json\/wp\/v2\/pages\/24\/revisions"}],"up":[{"embeddable":true,"href":"https:\/\/www.mbi-geodata.com\/p2\/wp-json\/wp\/v2\/pages\/6091"}],"wp:attachment":[{"href":"https:\/\/www.mbi-geodata.com\/p2\/wp-json\/wp\/v2\/media?parent=24"}],"curies":[{"name":"wp","href":"https:\/\/api.w.org\/{rel}","templated":true}]}}